{"id":517,"date":"2015-07-07T12:34:18","date_gmt":"2015-07-07T10:34:18","guid":{"rendered":"http:\/\/www.lsc-fassberg.de\/?page_id=517"},"modified":"2015-09-04T21:27:09","modified_gmt":"2015-09-04T19:27:09","slug":"kinderfliegen","status":"publish","type":"page","link":"https:\/\/www.lsc-fassberg.de\/?page_id=517","title":{"rendered":"Kinderfliegen"},"content":{"rendered":"<p>In regelm\u00e4\u00dfigen Abst\u00e4nden veranstaltet der LSC ein sogenanntes <strong>Kinderfliegen<\/strong>, welches immer wieder gro\u00dfen Zuspruch findet. Hier eine Impression aus dem letzten Jahr!<\/p>\n<p><a href=\"http:\/\/www.lsc-fassberg.de\/wp-content\/uploads\/2015\/07\/kinderfliegen-2014.jpg\"><img loading=\"lazy\" decoding=\"async\" class=\"alignnone size-large wp-image-519\" src=\"http:\/\/www.lsc-fassberg.de\/wp-content\/uploads\/2015\/07\/kinderfliegen-2014-1024x768.jpg\" alt=\"kinderfliegen-2014\" width=\"625\" height=\"469\" srcset=\"https:\/\/www.lsc-fassberg.de\/wp-content\/uploads\/2015\/07\/kinderfliegen-2014.jpg 1024w, https:\/\/www.lsc-fassberg.de\/wp-content\/uploads\/2015\/07\/kinderfliegen-2014-300x225.jpg 300w, https:\/\/www.lsc-fassberg.de\/wp-content\/uploads\/2015\/07\/kinderfliegen-2014-624x468.jpg 624w\" sizes=\"auto, (max-width: 625px) 100vw, 625px\" \/><\/a><\/p>\n<h4>Artikel aus dem &#8222;Blickpunkt&#8220;, erschienen am 13. August 2015:<\/h4>\n<p><a href=\"http:\/\/www.lsc-fassberg.de\/wp-content\/uploads\/2015\/07\/Artikel-Blickpunkt-13.08.2015.jpg\"><img loading=\"lazy\" decoding=\"async\" class=\"alignnone wp-image-550 size-full\" src=\"http:\/\/www.lsc-fassberg.de\/wp-content\/uploads\/2015\/07\/Artikel-Blickpunkt-13.08.2015.jpg\" alt=\"Artikel Blickpunkt 13.08.2015\" width=\"643\" height=\"1123\" srcset=\"https:\/\/www.lsc-fassberg.de\/wp-content\/uploads\/2015\/07\/Artikel-Blickpunkt-13.08.2015.jpg 643w, https:\/\/www.lsc-fassberg.de\/wp-content\/uploads\/2015\/07\/Artikel-Blickpunkt-13.08.2015-172x300.jpg 172w, https:\/\/www.lsc-fassberg.de\/wp-content\/uploads\/2015\/07\/Artikel-Blickpunkt-13.08.2015-586x1024.jpg 586w, https:\/\/www.lsc-fassberg.de\/wp-content\/uploads\/2015\/07\/Artikel-Blickpunkt-13.08.2015-624x1090.jpg 624w\" sizes=\"auto, (max-width: 643px) 100vw, 643px\" \/><\/a><\/p>\n<h4><span style=\"font-family: Arial; font-size: small;\">Bericht aus der Celleschen Zeitung vom 26.08.2015<\/span><\/h4>\n<p><a href=\"http:\/\/www.lsc-fassberg.de\/wp-content\/uploads\/2015\/07\/Bericht-CZ-26.08.2015.jpg\"><img loading=\"lazy\" decoding=\"async\" class=\"alignnone size-large wp-image-569\" src=\"http:\/\/www.lsc-fassberg.de\/wp-content\/uploads\/2015\/07\/Bericht-CZ-26.08.2015-1024x720.jpg\" alt=\"Bericht CZ 26.08.2015\" width=\"625\" height=\"439\" srcset=\"https:\/\/www.lsc-fassberg.de\/wp-content\/uploads\/2015\/07\/Bericht-CZ-26.08.2015-1024x720.jpg 1024w, https:\/\/www.lsc-fassberg.de\/wp-content\/uploads\/2015\/07\/Bericht-CZ-26.08.2015-300x211.jpg 300w, https:\/\/www.lsc-fassberg.de\/wp-content\/uploads\/2015\/07\/Bericht-CZ-26.08.2015-624x439.jpg 624w, https:\/\/www.lsc-fassberg.de\/wp-content\/uploads\/2015\/07\/Bericht-CZ-26.08.2015.jpg 2048w\" sizes=\"auto, (max-width: 625px) 100vw, 625px\" \/><\/a><\/p>\n","protected":false},"excerpt":{"rendered":"<p>In regelm\u00e4\u00dfigen Abst\u00e4nden veranstaltet der LSC ein sogenanntes Kinderfliegen, welches immer wieder gro\u00dfen Zuspruch findet. Hier eine Impression aus dem letzten Jahr! Artikel aus dem &#8222;Blickpunkt&#8220;, erschienen am 13. August 2015: Bericht aus der Celleschen Zeitung vom 26.08.2015<\/p>\n","protected":false},"author":1,"featured_media":0,"parent":147,"menu_order":0,"comment_status":"closed","ping_status":"open","template":"","meta":{"footnotes":""},"class_list":["post-517","page","type-page","status-publish","hentry"],"_links":{"self":[{"href":"https:\/\/www.lsc-fassberg.de\/index.php?rest_route=\/wp\/v2\/pages\/517","targetHints":{"allow":["GET"]}}],"collection":[{"href":"https:\/\/www.lsc-fassberg.de\/index.php?rest_route=\/wp\/v2\/pages"}],"about":[{"href":"https:\/\/www.lsc-fassberg.de\/index.php?rest_route=\/wp\/v2\/types\/page"}],"author":[{"embeddable":true,"href":"https:\/\/www.lsc-fassberg.de\/index.php?rest_route=\/wp\/v2\/users\/1"}],"replies":[{"embeddable":true,"href":"https:\/\/www.lsc-fassberg.de\/index.php?rest_route=%2Fwp%2Fv2%2Fcomments&post=517"}],"version-history":[{"count":3,"href":"https:\/\/www.lsc-fassberg.de\/index.php?rest_route=\/wp\/v2\/pages\/517\/revisions"}],"predecessor-version":[{"id":570,"href":"https:\/\/www.lsc-fassberg.de\/index.php?rest_route=\/wp\/v2\/pages\/517\/revisions\/570"}],"up":[{"embeddable":true,"href":"https:\/\/www.lsc-fassberg.de\/index.php?rest_route=\/wp\/v2\/pages\/147"}],"wp:attachment":[{"href":"https:\/\/www.lsc-fassberg.de\/index.php?rest_route=%2Fwp%2Fv2%2Fmedia&parent=517"}],"curies":[{"name":"wp","href":"https:\/\/api.w.org\/{rel}","templated":true}]}}