{"id":66,"date":"2014-03-11T21:26:45","date_gmt":"2014-03-11T20:26:45","guid":{"rendered":"http:\/\/www.lsc-fassberg.de\/?page_id=66"},"modified":"2017-06-24T22:56:51","modified_gmt":"2017-06-24T20:56:51","slug":"preise","status":"publish","type":"page","link":"https:\/\/www.lsc-fassberg.de\/?page_id=66","title":{"rendered":"Preise"},"content":{"rendered":"<ol>\n<li>Mitgliedsbeitrag pro Jahr (Berechnung anteilig nach Monaten)<br \/>\n\n<table id=\"tablepress-4\" class=\"tablepress tablepress-id-4 tbody-has-connected-cells\">\n<tbody class=\"row-striping row-hover\">\n<tr class=\"row-1\">\n\t<td class=\"column-1\">Aktives Mitglied<\/td><td class=\"column-2\">Erwachsene<\/td><td class=\"column-3\">480 \u20ac p.a.<\/td>\n<\/tr>\n<tr class=\"row-2\">\n\t<td class=\"column-1\"><\/td><td class=\"column-2\">Jugendliche \/ Sch\u00fcler \/ Studenten (ohne Einkommen unter 28 Jahre)<\/td><td class=\"column-3\">120 \u20ac p.a.<\/td>\n<\/tr>\n<tr class=\"row-3\">\n\t<td class=\"column-1\"><\/td><td class=\"column-2\">Modellflieger<\/td><td class=\"column-3\">200 \u20ac p.a.<\/td>\n<\/tr>\n<tr class=\"row-4\">\n\t<td class=\"column-1\">Passives Mitglied<\/td><td class=\"column-2\">alle<\/td><td class=\"column-3\">100 \u20ac p.a.<\/td>\n<\/tr>\n<tr class=\"row-5\">\n\t<td colspan=\"2\" class=\"column-1\">Flugsch\u00fcler in der Anfangsausbildung im ersten Mitgliedsjahr<\/td><td class=\"column-3\">120 \u20ac<\/td>\n<\/tr>\n<tr class=\"row-6\">\n\t<td colspan=\"2\" class=\"column-1\">Wechsel des Mitgliedstatus (aktiv zu passiv oder umgekehrt)<\/td><td class=\"column-3\">25 \u20ac<\/td>\n<\/tr>\n<tr class=\"row-7\">\n\t<td colspan=\"2\" class=\"column-1\">Differenzbetrag bei Spartenwechsel<\/td><td class=\"column-3\">voller Ausgleich wie bei Vollmitgliledschaft<\/td>\n<\/tr>\n<tr class=\"row-8\">\n\t<td colspan=\"2\" class=\"column-1\">Differenzbetrag bei Vollmitgliedschaft<\/td><td class=\"column-3\">voller Ausgleich wie bei Vollmitgliledschaft<\/td>\n<\/tr>\n<\/tbody>\n<\/table>\n<!-- #tablepress-4 from cache --><\/li>\n<li>Aufnahmegeb\u00fchren (einmalig; bei Spartenwechsel\/-erweiterung und passiv zu aktiv: Differenzbetrag f\u00e4llig)<br \/>\n\n<table id=\"tablepress-3\" class=\"tablepress tablepress-id-3\">\n<tbody class=\"row-striping row-hover\">\n<tr class=\"row-1\">\n\t<td class=\"column-1\">Motorflug<\/td><td class=\"column-2\">\u20ac 300<\/td>\n<\/tr>\n<tr class=\"row-2\">\n\t<td class=\"column-1\">Segelflug \/ Ultraleicht<\/td><td class=\"column-2\">\u20ac 160<\/td>\n<\/tr>\n<tr class=\"row-3\">\n\t<td class=\"column-1\">Auszubildende<\/td><td class=\"column-2\">\u20ac 80<\/td>\n<\/tr>\n<tr class=\"row-4\">\n\t<td class=\"column-1\">Jugendliche \/ Sch\u00fcler \/ Studenten (ohne Einkommen unter 28 Jahre)<\/td><td class=\"column-2\">\u20ac 25<\/td>\n<\/tr>\n<tr class=\"row-5\">\n\t<td class=\"column-1\">Fallschirmspringer \/ Modellflieger<\/td><td class=\"column-2\">\u20ac 100<\/td>\n<\/tr>\n<tr class=\"row-6\">\n\t<td class=\"column-1\">Kostenpauschale f\u00fcr Wiedereintritt ehemaliger LSC-Mitglieder<\/td><td class=\"column-2\">\u20ac 100<\/td>\n<\/tr>\n<\/tbody>\n<\/table>\n<!-- #tablepress-3 from cache --><\/li>\n<li>Staffelung bei Kurzmitgliedschaft (1 Monat)<br \/>\n\n<table id=\"tablepress-6\" class=\"tablepress tablepress-id-6 tbody-has-connected-cells\">\n<tbody class=\"row-striping row-hover\">\n<tr class=\"row-1\">\n\t<td class=\"column-1\">Aufnahmegeb\u00fchr + Mitgliedsbeitrag f\u00fcr einen einzelnen \u00dcbungsflug zusammen<br \/>\n<\/td><td class=\"column-2\">60 \u20ac<\/td>\n<\/tr>\n<tr class=\"row-2\">\n\t<td colspan=\"2\" class=\"column-1\">Fluggeb\u00fchren beim \u00dcbungsflug in H\u00f6he der Selbstkosten-Gastflugpreise je nach Flugzeug.<br \/>\n<\/td>\n<\/tr>\n<\/tbody>\n<\/table>\n<!-- #tablepress-6 from cache --><\/li>\n<li>Landegeb\u00fchren<br \/>\n\n<table id=\"tablepress-7\" class=\"tablepress tablepress-id-7\">\n<tbody class=\"row-striping row-hover\">\n<tr class=\"row-1\">\n\t<td class=\"column-1\">LSC - Motorflugzeuge (je Flug LSC-Lfz in Fa\u00dfberg)<br \/>\n<\/td><td class=\"column-2\">\u20ac 3<\/td>\n<\/tr>\n<tr class=\"row-2\">\n\t<td class=\"column-1\">Motorflugzeuge pro Jahr pauschal (privat, aber LSC-Mitglied)<\/td><td class=\"column-2\">\u20ac 385<\/td>\n<\/tr>\n<tr class=\"row-3\">\n\t<td class=\"column-1\">UL pro Jahr pauschal (privat, aber LSC-Mitglied)<\/td><td class=\"column-2\">\u20ac 285<\/td>\n<\/tr>\n<tr class=\"row-4\">\n\t<td class=\"column-1\">Segelflugzeuge<\/td><td class=\"column-2\">kostenfrei<\/td>\n<\/tr>\n<\/tbody>\n<\/table>\n<!-- #tablepress-7 from cache --><\/li>\n<li>Geb\u00fchren f\u00fcr Baustunden\n<ul>\n<li><strong>Aktive Mitglieder<\/strong>, die LSC-Lfz nutzen, haben j\u00e4hrlich nachweislich <strong>40 Baustunden<\/strong> f\u00fcr den LSC zu leisten. F\u00fcr jede nicht geleistete Baustunde wird eine Geb\u00fchr von <strong>\u20ac 15<\/strong> in Rechnung gestellt. Mehr geleistete Baustunden werden je Stunde mit <strong>\u20ac 5<\/strong> verg\u00fctet, jedoch nur f\u00fcr qualifizierte Arbeit nach vorherigem Antrag beim Vorstand. Sie sind auszahlbar. Funktionstr\u00e4ger k\u00f6nnen auf Antrag von der unmittelbaren Baustunden &#8211; Nachweisf\u00fchrung durch Vorstandsbeschluss befreit werden.<\/li>\n<\/ul>\n<ul>\n<li><strong>Aktive Mitglieder<\/strong>, die ein eignes Lfz beim LSC stationiert haben und kein LSC-Lfz nutzen, leisten <strong>30 Baustunden<\/strong><\/li>\n<\/ul>\n<ul>\n<li><strong>Modellflieger<\/strong> leisten <strong>20 Baustunden<\/strong><\/li>\n<\/ul>\n<ul>\n<li><strong>Kurzmitglieder<\/strong> sind nicht zur Ableistung von Baustunden verpflichtet.<\/li>\n<\/ul>\n<ul>\n<li>Zus\u00e4tzlich zu den <strong>40 Bausstunden<\/strong> hat jedes Mitglied mit Flugfunklizenz einen gesonderten Flugleiterdienst (<strong>8 Std<\/strong>) im Jahr zu leisten, der bei Nichtdurchf\u00fchrung mit <strong>\u20ac 50<\/strong> gesondert in Rechnung gestellt wird. Die Baustunden sind dem Kassenwart bis zum 10.01. eines jeden Jahres f\u00fcr das Vorjahr nachzuweisen. Die Baustunden sind bei mehrfacher Spartenzugeh\u00f6rigkeit nicht kumulativ zu leisten.<\/li>\n<\/ul>\n<\/li>\n<li>Segelfluggeb\u00fchren\n<ul>\n<li>Aktive Segelflieger zahlen zum Jahresanfang f\u00fcr die Benutzung der Segel-Flz eine Pauschale von <strong>\u20ac 150 j\u00e4hrlich<\/strong>. \u00dcberlandfl\u00fcge werden nur bis 3,5 Stunden berechnet.<\/li>\n<\/ul>\n<ul>\n<li>Gastfl\u00fcge kosten <strong>\u20ac 25<\/strong> (je Sitzplatz und je max. 10 min Flugzeit incl. 1x Windenstart).<\/li>\n<\/ul>\n<\/li>\n<li>Fixkostenumlage Motorflieger\n<ul>\n<li>Alle aktiven LSC-Mitglieder Motorflug haben die Fixkostenumlage Motorflug zum Jahresbeginn zu bezahlen. Keine Fixkostenumlage zahlen Ehrenvorsitzende und Ehrenmitglieder, wenn sie keine LSC-Lfz nutzen sowie die aktiven Mitglieder, die ein eigenes Lfz in Fassberg stationiert haben und kein LSC-Lfz nutzen.<\/li>\n<li>Die Fixkostenpauschale betr\u00e4gt <strong>\u20ac 900<\/strong>.<\/li>\n<li>Aktive Mitglieder, die erst zum 01.07. eines Jahres oder sp\u00e4ter im Jahr dem LSC (Motorflug) beitreten, zahlen je Mitgliedsmonat 1\/12 der Fixkostenpauschale.<\/li>\n<\/ul>\n<\/li>\n<li>Stellplatzgeb\u00fchren (in LSC-Halle bzw. im Pachtbereich LSC) f\u00fcr private Lfz\/Anh\u00e4nger (pro Monat)<br \/>\n\n<table id=\"tablepress-8\" class=\"tablepress tablepress-id-8\">\n<tbody class=\"row-striping row-hover\">\n<tr class=\"row-1\">\n\t<td class=\"column-1\">in LSC-Halle (Piper-Gr\u00f6\u00dfe)<\/td><td class=\"column-2\">\u20ac 120,-<\/td>\n<\/tr>\n<tr class=\"row-2\">\n\t<td class=\"column-1\">in LSC-Halle (Do27-Gr\u00f6\u00dfe)<\/td><td class=\"column-2\">\u20ac 156,-<\/td>\n<\/tr>\n<tr class=\"row-3\">\n\t<td class=\"column-1\">UL-Lfz in LSC-Halle (inkl. Gyro)<\/td><td class=\"column-2\">\u20ac 70,-<\/td>\n<\/tr>\n<tr class=\"row-4\">\n\t<td class=\"column-1\">Kfz-Anh\u00e4nger in LSC-Halle<\/td><td class=\"column-2\">\u20ac 16,-<\/td>\n<\/tr>\n<tr class=\"row-5\">\n\t<td class=\"column-1\">Segelflugzeug (aufgebaut) in LSC-Halle<\/td><td class=\"column-2\">\u20ac 52,-<\/td>\n<\/tr>\n<tr class=\"row-6\">\n\t<td class=\"column-1\">Segelflugzeug (aufgebaut) in Segelflughalle<\/td><td class=\"column-2\">\u20ac 115,-<\/td>\n<\/tr>\n<tr class=\"row-7\">\n\t<td class=\"column-1\">Grasstellplatz im Pachtbereich LSC<\/td><td class=\"column-2\">\u20ac 16,-<\/td>\n<\/tr>\n<\/tbody>\n<\/table>\n<!-- #tablepress-8 from cache --><\/li>\n<li>Umlagen je aktives Mitglied<br \/>\n\n<table id=\"tablepress-9\" class=\"tablepress tablepress-id-9\">\n<tbody class=\"row-striping row-hover\">\n<tr class=\"row-1\">\n\t<td class=\"column-1\">Kaution f\u00fcr LSC-Systemschl\u00fcssel (Lfz-Hallen-\/Clubheim\/LSC-Tower)<\/td><td class=\"column-2\">\u20ac 50,-<\/td>\n<\/tr>\n<tr class=\"row-2\">\n\t<td class=\"column-1\">Kaution f\u00fcr Tanktransponder<\/td><td class=\"column-2\">\u20ac 50,-<\/td>\n<\/tr>\n<tr class=\"row-3\">\n\t<td class=\"column-1\">Reinigung Clubheim (pro Jahr)<\/td><td class=\"column-2\">\u20ac 12,-<\/td>\n<\/tr>\n<tr class=\"row-4\">\n\t<td class=\"column-1\">Bundeswehrflugsportvereinigung (pro Jahr)<\/td><td class=\"column-2\">\u20ac 6,-<\/td>\n<\/tr>\n<\/tbody>\n<\/table>\n<!-- #tablepress-9 from cache --><\/li>\n<li>Versicherung<br \/>\nDie Lfz des LSC sind mit pauschal mit <strong>\u20ac 3.000.000<\/strong> (Segel-Lfz <strong>\u20ac 1.500.000<\/strong>) luftfahrt-<br \/>\nhaftpflichtversichert. Es besteht Luftfahrt-Kasko-Versicherung, die H\u00f6chstbetr\u00e4ge sind luftfahrzeugspezifisch. F\u00fcr D-EEIU\/D-ECGH\/K-7 ist eine Luftfrachtf\u00fchrer-Haftpflicht-\/Sitzplatzhaftpflicht-Versicherung abgeschlossen (<strong>\u20ac 600.000<\/strong>).<br \/>\nIm Rahmen eines Vollkasko-Schadens betr\u00e4gt die Selbstbeteiligung des verantwortlichen Piloten <strong>\u20ac 2000,-<\/strong>.<\/li>\n<li>Fluggeb\u00fchren Motorflug (\u201cna\u00df\u201d, ohne Landegeb\u00fchren, Selbstbeteiligung <strong>\u20ac 2.000,-<\/strong> im Schadensfall)<br \/>\n\n<table id=\"tablepress-1\" class=\"tablepress tablepress-id-1\">\n<thead>\n<tr class=\"row-1\">\n\t<th class=\"column-1\">Luftfahrzeug<\/th><th class=\"column-2\">Pauschale (Std \/ Min)<\/th><th class=\"column-3\">Selbstkosten-Gastflug \/ Std<\/th><th class=\"column-4\">Landung in Fa\u00dfberg<\/th><th class=\"column-5\">Schlepp \/ Min \/ Gast<\/th>\n<\/tr>\n<\/thead>\n<tbody class=\"row-striping row-hover\">\n<tr class=\"row-2\">\n\t<td class=\"column-1\">D-EEIU C-172<\/td><td class=\"column-2\">\u20ac 102,00 \/ 1,70 \u20ac<\/td><td class=\"column-3\">\u20ac 300 (1-2 Pers)<br \/>\n\u20ac 360 (3 Pers)<\/td><td class=\"column-4\">3,00 \u20ac<\/td><td class=\"column-5\"><\/td>\n<\/tr>\n<tr class=\"row-3\">\n\t<td class=\"column-1\">D-ECGH PA-18<\/td><td class=\"column-2\">\u20ac 69,00 \/ 1,15 \u20ac<\/td><td class=\"column-3\">180,00 \u20ac<\/td><td class=\"column-4\">3,00 \u20ac<\/td><td class=\"column-5\">\u20ac 1,50 \/ \u20ac 2,50<\/td>\n<\/tr>\n<tr class=\"row-4\">\n\t<td class=\"column-1\">Segelflugzeuge<\/td><td class=\"column-2\"><\/td><td class=\"column-3\">\u20ac 25,00 je Start<\/td><td class=\"column-4\">frei<\/td><td class=\"column-5\"><\/td>\n<\/tr>\n<\/tbody>\n<\/table>\n<!-- #tablepress-1 from cache --><\/li>\n<li>Mindestflugzeiten bei Nutzung von\n<ul>\n<li>halben Tagen: 1,5 Std (Anhalt: SR bis Mittag\/Mittag bis SS)<\/li>\n<\/ul>\n<ul>\n<li>ganzen Tagen in der Woche (Mo bis Fr): 2 Std<\/li>\n<\/ul>\n<ul>\n<li>ganzen Tagen am Wochenende \/ Feiertag: 3 Std<\/li>\n<\/ul>\n<p>Werden die Mindeststunden nicht geflogen, ist die nicht geflogene Differenzflugzeit mit 50% des Flugstundenpreises zu bezahlen.<br \/>\nTeilnahmen an offiziellen Rallye-Veranstaltungen sind von dieser Mindestflugzeitenregelung ausgenommen; hierf\u00fcr gelten Sonderbestimmungen auf Anfrage beim Vorstand.<\/li>\n<\/ol>\n<p><strong>Diese Beitrags- \/ Umlagen- \/ Geb\u00fchrenordnung gilt ab 01.05.2017<\/strong><\/p>\n","protected":false},"excerpt":{"rendered":"<p>Mitgliedsbeitrag pro Jahr (Berechnung anteilig nach Monaten) Aufnahmegeb\u00fchren (einmalig; bei Spartenwechsel\/-erweiterung und passiv zu aktiv: Differenzbetrag f\u00e4llig) Staffelung bei Kurzmitgliedschaft (1 Monat) Landegeb\u00fchren Geb\u00fchren f\u00fcr Baustunden Aktive Mitglieder, die LSC-Lfz nutzen, haben j\u00e4hrlich nachweislich 40 Baustunden f\u00fcr den LSC zu leisten. F\u00fcr jede nicht geleistete Baustunde wird eine Geb\u00fchr von \u20ac 15 in Rechnung gestellt. [&hellip;]<\/p>\n","protected":false},"author":1,"featured_media":0,"parent":147,"menu_order":0,"comment_status":"closed","ping_status":"closed","template":"","meta":{"footnotes":""},"class_list":["post-66","page","type-page","status-publish","hentry"],"_links":{"self":[{"href":"https:\/\/www.lsc-fassberg.de\/index.php?rest_route=\/wp\/v2\/pages\/66","targetHints":{"allow":["GET"]}}],"collection":[{"href":"https:\/\/www.lsc-fassberg.de\/index.php?rest_route=\/wp\/v2\/pages"}],"about":[{"href":"https:\/\/www.lsc-fassberg.de\/index.php?rest_route=\/wp\/v2\/types\/page"}],"author":[{"embeddable":true,"href":"https:\/\/www.lsc-fassberg.de\/index.php?rest_route=\/wp\/v2\/users\/1"}],"replies":[{"embeddable":true,"href":"https:\/\/www.lsc-fassberg.de\/index.php?rest_route=%2Fwp%2Fv2%2Fcomments&post=66"}],"version-history":[{"count":21,"href":"https:\/\/www.lsc-fassberg.de\/index.php?rest_route=\/wp\/v2\/pages\/66\/revisions"}],"predecessor-version":[{"id":779,"href":"https:\/\/www.lsc-fassberg.de\/index.php?rest_route=\/wp\/v2\/pages\/66\/revisions\/779"}],"up":[{"embeddable":true,"href":"https:\/\/www.lsc-fassberg.de\/index.php?rest_route=\/wp\/v2\/pages\/147"}],"wp:attachment":[{"href":"https:\/\/www.lsc-fassberg.de\/index.php?rest_route=%2Fwp%2Fv2%2Fmedia&parent=66"}],"curies":[{"name":"wp","href":"https:\/\/api.w.org\/{rel}","templated":true}]}}